11
Let p = 23 + -20. Let d(g) = 29*g**2 + 499*g - 10. Let a(b) = 6*b**2 + 107*b - 2. Let h(v) = 14*a(v) - 3*d(v). Give h(p).
-22
Let v(s) = 2*s**3 + s**2 + 2*s + 1. Let c = 1100 - 1550. Let h be (c/27)/(2/(-3)). Let b = -26 + h. Calculate v(b).
-2
Suppose -3*h + 4*h = -5*m + 12, h + 2*m = 6. Let k be 21/9 - (-1)/(-3). Let d(s) = 8*s - 2*s**3 - 8*s + 4*s**3 - 2*s**k + 2. What is d(h)?
10
Let f be (-6)/(-90)*-3 + 136/5. Let u(s) = -1 - 28*s**2 + 1 - 2*s + f*s**2 - 3. Give u(-3).
-6
Let h(l) = l**3 - 5*l**2 + 6*l - 18. Let v be h(7). Let q = 115 - v. Let k(n) be the second derivative of -n**4/12 - 2*n**3/3 + 5*n**2 + n. Determine k(q).
-11
Let y be (4/7)/2 - (-36)/21. Let c be 7 - 2 - 20/y. Let u(h) = 3*h + 0*h - 2*h - 1. Give u(c).
-6
Suppose y - 4*h - 28 = 1, -h - 26 = -4*y. Let x(r) = -r**3 + 7*r**2 - 7*r + 1. Give x(y).
16
Let t = -27 + 29. Let c = 40 + -9. Let r(u) = -17 - u + c - 15. What is r(t)?
-3
Let f(k) = k**2 + 193*k - 382. Let w be f(2). Let v(i) = 33*i - 261. Determine v(w).
3
Let d(q) be the second derivative of 4*q**3/3 + q**2 - 957*q. What is d(4)?
34
Suppose -3*b - 26*r = -27*r + 50, 4*r - 56 = 4*b. Let v(z) = -z**3 - 18*z**2 - z - 47. Determine v(b).
-29
Let x(t) be the second derivative of t**5/20 - t**4/12 - t**3/6 + 17*t**2 + 79*t + 2. What is x(0)?
34
Let u be -1*(-428 + -3 + 0). Let n = 434 - u. Let s(c) = -2*c + 4. Calculate s(n).
-2
Let o(s) be the first derivative of -s**3 + 3*s**2 - 7*s + 6014. Calculate o(1).
-4
Let x = -797 - -808. Let d(w) = 3 - 120*w - 118*w + 239*w + x. Calculate d(-3).
11
Let h(j) = -18*j - 12. Let q be h(1). Let z(u) = -u**3 - 30*u**2 + 3*u + 88. Let b be z(q). Let d(t) = 3 - 3*t + 3*t**2 + 5*t + t**3 - 3. Give d(b).
0
Let m = 411 - 552. Let w = -139 - m. Let h(t) = 4*t**2 + t - 3. Let x(a) = -5*a**2 - a + 4. Let p(i) = -4*h(i) - 3*x(i). Calculate p(w).
-6
Let h(y) be the first derivative of 1/20*y**5 + 1/120*y**6 + 0*y + 11/2*y**2 + 1/12*y**4 + 22 + 1/6*y**3. Let l(d) be the second derivative of h(d). Give l(-2).
1
Let m = -436 + 451. Let i be 17/3 - (5 - 65/m). Let u(n) = 0*n - n**3 + 6*n + 9*n**2 - 6*n**2 + 7. Give u(i).
-13
Suppose 492 = -21*i + 103*i. Let k(h) = -h**2 + 9*h - 9. Determine k(i).
9
Let p(y) be the first derivative of -9*y**3 + y**2/2 - y - 84050. Let g be (2 + 0)*(-2)/(-4). Determine p(g).
-27
Let g(p) = p + 37. Let a = -6604 + 6586. Calculate g(a).
19
Let k(c) = -7*c + 4. Let d(t) = -2*t + 3. Let i(o) = -o - 1. Let x(h) = d(h) + i(h). Let g(w) = 2*k(w) - 5*x(w). Determine g(4).
2
Let w(m) = -m**2 - 12*m + 72. Suppose -72*p - 2*z = -66*p - 40, 4*p = -3*z + 40. What is w(p)?
8
Let m = -9054 - -9060. Let w(h) = -31*h + 196. Determine w(m).
10
Let t(o) be the first derivative of o**4/12 + 2*o**3 + 8*o**2 + 70*o + 55. Let w(l) be the first derivative of t(l). What is w(-11)?
5
Suppose 12 = 2*o + 2*z, -4*o - 3*z + 6*z = -52. Suppose -3*l - o = i, -6*l - 2*i = -2*l + 12. Let n(y) = -2*y - 2. Determine n(l).
6
Suppose 0 = -j + 4*j - 9. Suppose -s + j = 0, 2*h - 159 - 59 = 2*s. Let m(x) = h + 2*x**2 - x**2 - 115 - 8*x. Calculate m(6).
-15
Let g = -496 - -499. Suppose 0 = c - n - 8, 5*n + 23 - 63 = -g*c. Let q(o) = 2*o - 1. Give q(c).
19
Let k = 2724 - 2714. Let a(i) = -i**2 + 6*i + 6. Give a(k).
-34
Let k(c) = c**2 + 2*c + 5. Suppose 16*g = 24 - 56. Let m be 2 + (g - 1) - 4. Calculate k(m).
20
Let s(m) = m**2 - 13*m - 22. Let u be (-588)/378 - (-334)/18. What is s(u)?
46
Let b(j) = -j**2 - 20*j - 105. Suppose 159 = -29*h - 131. Determine b(h).
-5
Let y be -2 - (-6)/(-3) - -27. Let i = -21 + y. Let p(z) = 12*z - 22*z + 7*z + 4*z**2 + 2. What is p(i)?
12
Suppose -5*x - 4*x = -5*x. Suppose x = 3*d + 1 - 7. Let q(h) = -5 + 0*h**3 + 5 - 2 - 2*h + h**3 + h**d. Determine q(-2).
-2
Suppose 60*k = 51*k + 2241. Let f = k + -249. Let b(c) = c**3 + 3*c**2 + 3*c - 4. Let u(o) = -o**2 - o + 1. Let r(q) = b(q) + 2*u(q). What is r(f)?
-2
Let i(m) = -3*m + 5. Let d = -47 - -49. Suppose 68 + 48 = d*n. Let w = -53 + n. What is i(w)?
-10
Let c(z) = z**3 - 6*z**2 + z - 4. Let o be c(6). Let m(y) = -1015 + 2000 + y - 983. Give m(o).
4
Let k be 0 + 3 - 42/(-7). Suppose -3*p = -k + 3. Let i(b) = -2*b**2 + 2*b. Give i(p).
-4
Let f(l) = -25*l - 110. Let g(b) = -8*b - 55. Let c(x) = -2*f(x) + 5*g(x). Determine c(5).
-5
Let f(v) be the first derivative of -2*v - 172 + 1/2*v**2. Suppose 0 = 4*x - 3 - 5. Give f(x).
0
Let l(x) = -20*x**2 + 2*x + 1. Let p = 563 + -564. What is l(p)?
-21
Suppose -q + 14 = -40. Let v be ((-1)/3)/((-2)/q). Let u(z) = -z**2 + 10*z - 8. Determine u(v).
1
Let h(j) be the third derivative of -j**6/40 - j**5/60 - 3*j**2. Let i be (-3)/(105/(-10))*7. Suppose -2*o - i*g - 16 = -6, o - 3*g - 11 = 0. Give h(o).
2
Let y(v) be the first derivative of v**2 - 14*v - 265. Determine y(-10).
-34
Let r(p) = p + 10. Suppose t = -3*t - 4*m + 1152, 16 = -4*m. Let u = t - 299. Determine r(u).
3
Let l(n) = n**3 - 55*n**2 - 57*n + 61. Let v(c) = -2*c**3 - 42*c**2 - 41*c + 36. Let r be v(-20). Calculate l(r).
5
Let p(d) = 2371*d**2 + 6*d - 9 - 7116*d**2 + 2374*d**2 + 2370*d**2. Let k be ((-1)/4)/((-9)/180). What is p(k)?
-4
Let p(f) = f**2 + 6*f + 10. Suppose 118*y - 121*y + 255 = 0. Suppose 54*o + y = -239. Give p(o).
10
Let w(x) = 40*x - 228. Suppose -57*g + 61*g = 2*k + 32, -g + k + 10 = 0. Give w(g).
12
Let h(t) be the third derivative of -t**5/30 - 7*t**4/8 - 23*t**3/3 - 2437*t**2. Determine h(-4).
6
Let d(x) = -8*x**3 + 7*x**2 + 4. Let p(q) = -2*q**2 - 1. Let z(t) = d(t) + 4*p(t). Let b be 3*4/12 - 0. What is z(b)?
-9
Let g(h) = 48*h. Let q(n) = -19*n + 1. Let x(p) = g(p) + 2*q(p). Determine x(-3).
-28
Let r(p) = p**3 + 14*p**2 - 8*p + 7. Let q(t) = -2*t + 30*t**2 + 14 + 2*t**3 - 7*t + 7*t + 0 - 15*t. Let u(i) = -4*q(i) + 9*r(i). Determine u(-7).
-14
Let o(i) = -i**2 - 25*i - 84. Let u = -25161 + 25141. Calculate o(u).
16
Let x(v) = 28*v - 2. Let q(f) = -48*f + 4. Let j(z) = 4*q(z) + 7*x(z). Suppose 4*m + 4*y - 2*y - 2 = 0, -m - 7 = -y. Give j(m).
-6
Let g(i) = -i**3 + 10*i**2 + 127*i + 21. Let a be g(-7). Let x(b) = -b**2 - 33*b + 73. Determine x(a).
3
Let o(c) = c**3 + 7*c**2 + 5*c - 2. Suppose -6*n + 60 = -72. Suppose -n*j = -29*j - 28. What is o(j)?
26
Let j(i) = 6*i**3 + i. Let m be j(1). Let q(v) = 2*v**2 + 12*v + 7. Let n(r) = 4*r + 34*r + 13 + 3*r**2 - 16*r. Let w(z) = 3*n(z) - 5*q(z). Calculate w(m).
-3
Let z(h) = -4*h + 5. Suppose 4*g + 5*u - 13 = 46, 5*g + 3*u - 64 = 0. Suppose -286 + 275 = -g*q. Determine z(q).
1
Let c(d) = 1 - 2 + d - 4*d. Let h be (308/385)/(5/35 - ((-6)/105 + 0)). Calculate c(h).
-13
Let l be -1 + -1 - (-1 + 3). Let t(v) be the second derivative of v**5/20 + 5*v**4/12 + 4*v**3/3 + 4*v**2 - 14337*v. Determine t(l).
-8
Let d = -71 - -73. Let p(a) = -4 + 1 - 183*a**d - 4*a + 182*a**2 + 3*a. Determine p(0).
-3
Let q(r) = -3*r**3 - 41*r**2 + 15*r + 14. Let j be (-41657)/3234 - (-2)/(-7) - (-5)/(-6). Determine q(j).
0
Let q(b) be the third derivative of -b**5/30 - 5*b**4/8 - b**3 - 5*b**2 - 88. Determine q(-7).
1
Let m(v) = -v**2 - 4*v - 14. Suppose 5 = 4*r - 0*r + 33. Determine m(r).
-35
Let z(q) = 4*q + 1. Let k(l) = -12*l + 70. Let r be k(6). Let t(o) = -7*o + 1. Let y(j) = r*z(j) - t(j). Give y(3).
-6
Let a(o) = -o**3 + 3*o**2 + 2*o - 3. Let r(h) = -4*h**3 + 11*h**2 + 8*h - 13. Let p(j) = 9*a(j) - 2*r(j). Let u be (-26)/(-6) + 3/(153/34). What is p(u)?
9
Let u(g) = -g**2 + 5*g - 1. Let m(b) = -6*b - 25. Let n be m(-29). Let y = n + -143. What is u(y)?
-7
Let v(r) = 5*r**3 - 4*r**3 + 5*r**2 + 2 + 3*r**2 + 8*r - 5. Let y = -11057 - -11051. What is v(y)?
21
Let g be 402/78 - 4/26. Suppose 6 - 1 = 2*f - p, -g*p = 15. Let x(n) = -4*n - f + 0 - 31*n**2 + 30*n**2. What is x(-4)?
-1
Let v(f) = -1 + 3 + 2*f - 3*f. Let w = 66546 - 66560. Give v(w).
16
Let r(y) = 6*y + 3. Let l(d) = 5*d + 3. Let m(t) = 3*l(t) - 2*r(t). Let p be m(-2). Let w(n) = -8608 - n**3 + n**2 + 8605 - 4*n**2. What is w(p)?
-3
Suppose 2*h = -3*l + 25, -616*h + 615*h + 14 = 3*l. Let c(k) = 6*k - 6*k + 3*k + 10*k. Determine c(l).
13
Let v(s) be the second derivative of s**4/12 + 5*s**2/2 + 129*s. Suppose 2*w = -10 + 12. Let t be ((-4)/w + 4)/(-2). Give v(t).
5
Let l(g) be the third derivative of 0*g + 0 - 7/3*g**3 - 90*g**2 - 1/24*g**4. What is l(-8)?
-6
Let b(x) = 3*x - 3. Let m(p) = -14*p + 13. Let a(y) = 